alculate o(0).
9
Let r(v) = -v**3 + 10*v**2 - v + 16. Give r(10).
6
Let c(b) = -b**3 + 11*b**2 + 6. Calculate c(11).
6
Let m(o) = -8*o + 47. Determine m(5).
7
Let r(i) = i**2 - i + 10. Give r(0).
10
Let q(i) = i**3 - i**2 - 3*i - 4. Determine q(3).
5
Let m(y) = y**2 - 15*y + 8. Calculate m(14).
-6
Let j(n) = 2*n**2 + 32*n - 254. Give j(-22).
10
Let m(k) = k**2 - 3*k - 39. Calculate m(-5).
1
Let w(h) = h**2 + 23*h + 9. Give w(-23).
9
Let t(k) = k**2 - 9*k + 4. What is t(8)?
-4
Let b(n) = n**2 - 11*n + 6. Calculate b(8).
-18
Let n(r) = -r**2 - 10*r + 1. Calculate n(-9).
10
Let t(z) = z**3 + 20*z**2 - 18*z + 56. What is t(-21)?
-7
Let q(x) = 5*x**3 + 2*x**2 - 1. Calculate q(-1).
-4
Let g(o) = 5*o - 3. What is g(2)?
7
Let v(z) = 2*z - 18. What is v(-9)?
-36
Let j(x) = 68*x**3 - x**2 + 1. Calculate j(-1).
-68
Let b(r) = r + 13. Give b(-10).
3
Let a(m) = 16*m - 442. Calculate a(28).
6
Let q(o) = -2*o**2 - 39*o - 89. Calculate q(-17).
-4
Let o(z) = -z**3 + 9*z**2 - 4*z - 2. Determine o(9).
-38
Let t(z) = z**2 + z - 6. Calculate t(-5).
14
Let v(r) = r**2 + 10*r - 10. What is v(-10)?
-10
Let i(r) = -3*r**2 - 54*r - 39. What is i(-18)?
-39
Let i(c) = 2*c**3 - 23*c**2 + 18*c - 35. What is i(11)?
42
Let j(g) = -2*g**2 - 6*g - 6. Give j(-8).
-86
Let p(g) = g**3 + 5*g**2 + g + 1. Determine p(-4).
13
Let c(k) = -20*k - 2. What is c(2)?
-42
Let b(i) = i**3 - 6*i**2 - i + 4. Determine b(6).
-2
Let s(c) = 5*c - 22. Calculate s(4).
-2
Let r(a) = a**2 - 25*a - 35. Give r(26).
-9
Let n(x) = -2*x**2 + 2*x + 23. Give n(4).
-1
Let a(x) = -x**3 - 3*x**2 - 4*x - 3. Calculate a(-4).
29
Let m(b) = 8*b + 157. Give m(-19).
5
Let x(o) = 4*o - 153. Determine x(39).
3
Let y(r) = -r**3 + 13*r**2 - 5*r - 5. What is y(6)?
217
Let w(k) = -k**3 + 16*k**2 - 11*k + 14. Determine w(15).
74
Let o(a) = -a**2 + 5*a - 2. Determine o(3).
4
Let i(t) = 7*t - 14. Determine i(-12).
-98
Let l(n) = n + 9. What is l(-9)?
0
Let w(n) = 2*n**2 + 91*n - 47. What is w(-46)?
-1
Let s(f) = -12*f**2 + f. Determine s(1).
-11
Let d(a) = 2*a**3 + 22*a**2 - 3*a + 5. Determine d(-11).
38
Let m(a) = -2*a - 5. What is m(3)?
-11
Let k(v) = -v**2 - 6*v - 9. Calculate k(-5).
-4
Let b(i) = i**2 - 8*i + 9. What is b(8)?
9
Let k(n) = -4*n**3 - 2*n**2 + 1. Determine k(-1).
3
Let c(m) = -5*m**2 + 11*m + 2. Give c(2).
4
Let v(m) = m**2 + 7*m - 4. What is v(-8)?
4
Let p(l) = -10*l. Calculate p(-6).
60
Let i(u) = -5*u + 88. What is i(18)?
-2
Let y(k) = -k**3 + 9*k**2 - 10*k + 9. Calculate y(8).
-7
Let p(d) = 3*d**2 + 19*d - 4. Calculate p(-7).
10
Let m(v) = 6*v + 21. Determine m(10).
81
Let h(f) = 91*f + 277. Determine h(-3).
4
Let g(i) = -i**3 - 4*i**2 - 5*i - 2. Determine g(-3).
4
Let x(t) = -15*t + 227. What is x(11)?
62
Let f(z) = -5*z - 131. Determine f(-27).
4
Let u(h) = h + 5. What is u(-10)?
-5
Let i(h) = -h**2 + 9*h - 4. Determine i(6).
14
Let z(b) = b**3 - 12*b**2 + 12*b - 23. Determine z(11).
-12
Let n(m) = 7*m + 83. Determine n(-7).
34
Let t(l) = 2*l**3 + 3*l**2 - 4*l - 3. Determine t(-3).
-18
Let f(o) = -10*o + 96. Determine f(9).
6
Let f(g) = -g**2 - 3*g + 31. Determine f(5).
-9
Let a(s) = s**3 + 15*s**2 + 13*s + 16. Determine a(-14).
30
Let c(f) = 13*f + 49. Calculate c(-4).
-3
Let f(v) = -26*v + 6. What is f(-1)?
32
Let i(l) = -17*l - 250. What is i(-15)?
5
Let u(b) = -131*b - 790. Give u(-6).
-4
Let p(d) = -18*d + 36. Calculate p(2).
0
Let l(y) = -y**2 + 2*y - 5. What is l(0)?
-5
Let s(i) = 4*i**2 + 4*i - 1. Give s(2).
23
Let t(b) = 22*b + 60. What is t(-3)?
-6
Let u(k) = k**3 - 9*k**2 + 22. What is u(8)?
-42
Let b(d) = d**3 - 15*d**2 + 14*d + 4. Calculate b(14).
4
Let p(z) = -11*z**2 - z. What is p(-1)?
-10
Let s(h) = h**3 + 7*h**2 + 7*h - 5. What is s(-6)?
-11
Let w(j) = 51*j + 2. What is w(1)?
53
Let u(a) = a - 10. Give u(-23).
-33
Let t(j) = 12*j + 25. Determine t(-4).
-23
Let p(w) = w**2 + 53*w + 221. Give p(-48).
-19
Let h(y) = y**3 - 47*y**2 + 48*y - 107. Calculate h(46).
-15
Let l(j) = -j + 16. Determine l(3).
13
Let y(x) = -16*x - 6. What is y(1)?
-22
Let p(w) = w**2 + 5*w - 10. Determine p(-10).
40
Let g(s) = -13*s + 2. Determine g(3).
-37
Let i(w) = -20*w + 41. Determine i(7).
-99
Let c(l) = -l + 31. Determine c(0).
31
Let l(f) = -38*f - 7. What is l(3)?
-121
Let a(n) = n**3 + 4*n**2 + 6. Give a(0).
6
Let r(n) = 2*n**2 - 6*n + 5. Give r(2).
1
Let w(q) = 7*q + 391. Determine w(-57).
-8
Let h(n) = 3*n**2 - 14*n + 18. Give h(5).
23
Let r(c) = 2*c**3 + 8*c**2 + 4*c + 5. Determine r(-3).
11
Let j(h) = -7*h**2 + 8*h + 13. What is j(4)?
-67
Let p(m) = 24*m - 163. Calculate p(6).
-19
Let m(r) = r**3 + 24*r**2 + 22*r - 33. Determine m(-23).
-10
Let p(b) = 7*b**3 - 48*b**2 - 5*b - 11. Calculate p(7).
3
Let a(k) = 3*k - 29. Give a(7).
-8
Let m(t) = -t**3 + 6*t**2 - 5*t - 3. What is m(5)?
-3
Let n(v) = v**2 + 40*v + 251. Give n(-32).
-5
Let y(b) = b - 1. Determine y(3).
2
Let m(h) = h**2 - 9*h + 7. Calculate m(7).
-7
Let w(z) = -3*z - 18. Calculate w(-6).
0
Let c(y) = -7*y - 233. What is c(-35)?
12
Let t(f) = -f**3 - 17*f**2 + f + 17. Calculate t(-17).
0
Let k(r) = 2*r**2 - 17*r + 19. Calculate k(6).
-11
Let v(b) = 7*b**2 - b - 2. Calculate v(-1).
6
Let d(v) = -v**3 + 2*v**2 - v - 1. What is d(-2)?
17
Let v(r) = -r**2 + 3*r - 14. Determine v(5).
-24
Let r(q) = q**3 + q**2 + 4*q + 3. What is r(-2)?
-9
Let z(t) = -9*t + 376. Determine z(41).
7
Let x(g) = g**2 - 13*g - 1. Calculate x(6).
-43
Let k(g) = g**3 + 8*g**2 + 16*g - 10. Determine k(-7).
-73
Let m(r) = -10*r + 156. Calculate m(16).
-4
Let x(w) = -9*w. Give x(-3).
27
Let n(o) = 11*o**2 + 10*o + 17. Give n(-2).
41
Let j(v) = 57*v**3 - 2*v**2 + 4*v - 2. Determine j(1).
57
Let s(v) = v**3 + 12*v**2 - 11*v + 15. Give s(-13).
-11
Let g(f) = -f - 18. What is g(-11)?
-7
Let g(s) = -2*s**2 - 20*s - 36. Calculate g(-8).
-4
Let a(u) = 4*u**2 + 11*u + 2. Give a(-5).
47
Let s(r) = -r**3 + 5*r**2 + 2*r - 6. Give s(4).
18
Let u(a) = -a + 12. Calculate u(15).
-3
Let b(c) = 11*c + 3. What is b(-5)?
-52
Let z(d) = -2*d + 5. Determine z(1).
3
Let y(o) = -o**2 - 12*o + 17. Determine y(-13).
4
Let r(s) = -s**3 - 2*s**2 + 4*s - 69. Give r(0).
-69
Let w(l) = 35*l + 1. What is w(-1)?
-34
Let i(h) = h**2 + h - 25. Calculate i(0).
-25
Let b(o) = o**3 + 18*o**2 - 17*o + 6. What is b(-19)?
-32
Let m(w) = 15*w + 105. Determine m(-7).
0
Let s(g) = g**2 + 15*g + 21. What is s(-12)?
-15
Let h(w) = 8*w - 76. Calculate h(11).
12
Let a(r) = 329*r - 1648. Determine a(5).
-3
Let t(o) = 2*o**2 - 18*o + 19. Calculate t(6).
-17
Let r(p) = 2*p**2 - 2*p - 11. Give r(5).
29
Let x(t) = -t - 8. Determine x(-10).
2
Let o(n) = -75*n**3 - 2*n**2 + n + 1. What is o(-1)?
73
Let m(n) = 36*n**3 - n**2 - n + 1. Determine m(-1).
-35
Let v(l) = l**3 - 13*l**2 - 12*l - 8. Calculate v(14).
20
Let b(h) = h**3 + 5*h**2 + 7*h + 1. Give b(-4).
-11
Let r(g) = -2*g**2 - 43*g + 6. What is r(-22)?
-16
Let g(s) = -s**3 + 18*s**2 + 20*s - 11. What is g(19)?
8
Let o(u) = -u**3 + 4*u**2 - 5*u - 2. What is o(4)?
-22
Let u(p) = -p**2 - 20*p - 15. Give u(-19).
4
Let z(r) = r**2 - 16*r + 61. Calculate z(9).
-2
Let b(r) = -16*r**3 - 3*r + 3. Determine b(1).
-16
Let d(g) = -g - 20. Calculate d(-21).
1
Let s(i) = 11*i + 345. Calculate s(-31).
4
Let d(w) = -52*w - 2. Give d(1).
-54
Let q(d) = -d**3 - 10*d**2 - 9*d. Determine q(-9).
0
Let m(r) = 2*r**3 + 18*r**2 - r - 5. Give m(-9).
4
Let l(d) = d**3 - 5*d**2 - 6*d - 10. Calculate l(6).
-10
Let h(p) = -p**3 + 17*p**2 - 13*p - 53. Calculate h(16).
-5
Let z(k) = k**2 + 8*k - 9. Calculate z(-11).
24
Let r(c) = 10*c - 112. Calculate r(14).
28
Let i(x) = -x**2 + 4*x - 3. Give i(2).
1
Let m(h) = h**3 - 2*h**2 - 3*h + 4. Determine m(4).
24
Let g(f) = 7*f - 55. Calculate g(14).
43
Let n(w) = -w**3 - 4*w**2 + 3*w. What is n(-5)?
10
Let m(u) = u**2 - 12*u + 38. Calculate m(6).
2
Let m(c) = c**3 - 7*c**2 + 4*c + 8. Calculate m(6).
-4
Let g(s) = s + 24. Give g(3).
27
Let c(g) = -g**3 - 10*g**2 + 12*g + 2. Determine c(-11).
-9
Let o(y) = -y**3 + 21*y**2 - 2*y + 19. Give o(21).
-23
Let w(o) = -o**3 - 8*o**2 + 10*o + 4. Give w(-9).
-5
Let t(u) = -u - 1. Give t(9).
-10
Let c(k) = k**3 + 12*k**2 + 9*k - 10. What is c(-11)?
12
Let s(z) = 3*z**2 + 136*z - 137. Calculate s(1).
2
Let b(v) = v**3 - 7*v**2 + 8*v - 13. Calculate b(6).
-1
Let b(h) = 2*h**2 + 7*h + 9. Determine b(-3).
6
Let b(o) =